01
Let h(o) = 222*o - 11619. Give h(52).
-75
Let b(t) = t**3 - 71*t**2 + 362*t - 10757. What is b(68)?
-13
Let k(r) = -2*r**3 - 67*r**2 - 45*r - 2542. Calculate k(-34).
144
Let n(h) = 1160*h + 736600. Give n(-635).
0
Let x(o) = 20652*o - 122714. What is x(6)?
1198
Let n(y) = -y**3 + 62*y**2 - 134*y + 872. Determine n(60).
32
Let a(b) = b**3 + b**2 + 58*b - 294. Give a(7).
504
Let s(c) = -c**3 + 92*c**2 - 1013*c - 946. Calculate s(79).
160
Let w(g) = -46*g**2 + 1605*g + 113020. What is w(70)?
-30
Let k(a) = -2807*a - 844942. Give k(-301).
-35
Let s(h) = 2*h**2 - 2585*h + 40606. Calculate s(16).
-242
Let z(j) = -4*j**2 - 52346*j - 5606718. Give z(-108).
-6
Let a(c) = -10*c**3 + 22*c**2 - 3181*c + 6367. Determine a(2).
13
Let j(g) = -g**2 - 36026*g - 288103. Give j(-8).
41
Let r(q) = -q**2 + 266*q + 19657. Determine r(-60).
97
Let i(z) = -z**3 - 17*z**2 - 14*z - 37. Give i(-9).
-559
Let d(o) = 5*o**2 - 928*o + 12776. Give d(14).
764
Let g(s) = s**3 + 3*s**2 - 306*s + 1234. Give g(5).
-96
Let b(j) = j**3 + 466*j**2 - 4765*j - 2374. What is b(-476)?
6
Let g(a) = 2*a**2 - 214*a + 1241. Calculate g(6).
29
Let d(k) = 538*k**2 + 1593*k - 79. Give d(-3).
-16
Let m(b) = 4088*b + 94020. Determine m(-23).
-4
Let k(t) = -2850423*t - 11401693. Give k(-4).
-1
Let g(i) = i**3 - 14*i**2 - 33*i + 447. Calculate g(11).
-279
Let i(w) = -4*w**2 + 147*w - 276. What is i(0)?
-276
Let m(i) = -49*i**2 - 131*i + 336. What is m(-9)?
-2454
Let r(c) = 10088*c - 30176. Determine r(3).
88
Let b(z) = -3*z**3 + 1375*z**2 - 9911*z - 4954. Calculate b(451).
7
Let s(u) = -5*u**2 + 45*u + 218. Determine s(16).
-342
Let s(n) = 10*n**3 + 60*n**2 - 16*n - 79. Determine s(-6).
17
Let l(n) = -n**3 + 21*n**2 + 345*n - 1046. Give l(31).
39
Let b(s) = 3024*s - 18020. Determine b(6).
124
Let k(a) = -659*a - 11369. Calculate k(-17).
-166
Let a(b) = 7*b**2 - 4998*b - 256044. Determine a(-48).
-12
Let h(x) = -69285*x - 138491. Determine h(-2).
79
Let c(w) = -w**3 + 15*w**2 + 130*w - 65. Calculate c(24).
-2129
Let l(o) = 2*o**2 - 192*o + 1417. Calculate l(88).
9
Let k(o) = 3780*o + 176748. Calculate k(-47).
-912
Let z(l) = 453667*l + 907333. What is z(-2)?
-1
Let g(l) = -3*l**3 + 446*l**2 - 677*l + 123064. Calculate g(149).
-10
Let g(o) = -3363*o - 134526. Give g(-40).
-6
Let q(p) = -166*p**2 - 843*p + 13. Calculate q(-5).
78
Let u(v) = -v**3 - 6*v**2 - 1598357*v - 6393399. Give u(-4).
-3
Let g(n) = -12*n**3 + 162*n**2 + 312*n - 21. Determine g(-2).
99
Let t(l) = -l**3 + 49*l**2 + 15655*l - 82. Give t(-103).
21
Let m(v) = -167*v - 26973. Calculate m(-164).
415
Let u(t) = -94*t**2 - 964*t + 959. Determine u(1).
-99
Let p(f) = 3224*f - 80609. Give p(25).
-9
Let r(s) = -2*s**3 - 41*s**2 - 122*s - 49. Determine r(-16).
-401
Let g(f) = -5*f**2 + 3041*f - 164932. What is g(548)?
16
Let h(j) = -7703*j + 531504. Calculate h(69).
-3
Let a(i) = -i**3 + 552*i**2 - 20483*i + 120. Calculate a(40).
0
Let c(y) = -y**3 + 203*y**2 - 109*y + 22047. What is c(203)?
-80
Let d(n) = -n**2 + 7773*n - 62112. Calculate d(8).
8
Let c(u) = 2*u**2 + 67*u - 196. What is c(-36)?
-16
Let f(x) = -22*x**2 + 398*x - 2540. Give f(6).
-944
Let y(f) = -50*f**3 - 3*f**2 + 1399*f - 4184. What is y(3)?
-1364
Let s(h) = 508*h**2 + 426*h - 425. What is s(1)?
509
Let f(t) = -t**2 + 163*t + 3276. What is f(181)?
18
Let c(f) = 15*f**2 - 4081*f + 20473. Give c(267).
181
Let a(f) = 1691082*f - 5073269. Determine a(3).
-23
Let z(x) = -x**3 + 9*x**2 + 188*x - 181. What is z(19)?
-219
Let r(v) = 477*v + 906. Determine r(-2).
-48
Let j(y) = 4*y**2 + 85*y + 16. What is j(-14)?
-390
Let d(a) = -1179*a + 141574. What is d(120)?
94
Let x(a) = 2000*a + 7. Determine x(0).
7
Let r(o) = 7*o**2 + 4949*o + 34305. Calculate r(-7).
5
Let d(w) = w**3 - 8*w**2 - 416*w - 2188. Give d(-12).
-76
Let t(i) = -5730*i + 1461145. Give t(255).
-5
Let i(h) = -22*h**2 + 435*h - 417. What is i(1)?
-4
Let t(w) = -3032*w**2 - 42425*w + 353. Give t(-14).
31
Let x(v) = v**2 + 6733*v + 761071. Give x(-115).
1
Let y(g) = -18*g**2 - 662*g + 558. Give y(-38).
-278
Let s(y) = y**2 + 32*y - 319. What is s(-30)?
-379
Let n(a) = 26455*a + 4021147. Determine n(-152).
-13
Let r(d) = -d**2 - 16441*d + 49332. What is r(3)?
0
Let a(p) = 94456*p - 94449. What is a(1)?
7
Let o(r) = 21*r**2 - 12879*r + 67489. Give o(608).
1
Let j(u) = 4*u**2 - 155*u + 1235. What is j(27)?
-34
Let x(d) = 3080*d + 110876. What is x(-36)?
-4
Let a(r) = -15106*r + 25279. What is a(2)?
-4933
Let z(y) = 2*y**2 + 249*y - 134557. What is z(-329)?
4
Let b(o) = -170*o - 525. Determine b(-1).
-355
Let l(c) = -c**2 - 1835*c - 627883. Give l(-455).
17
Let o(z) = -95*z**3 - 858*z**2 + 72*z + 521. Calculate o(-9).
-370
Let v(s) = 127*s**3 + 16*s**2 + 58*s - 74. Calculate v(1).
127
Let d(u) = -u**2 - 465*u + 10017. Determine d(21).
-189
Let s(z) = -z**2 + 542*z + 17291. Calculate s(-30).
131
Let a(c) = 6*c**2 + 13302*c - 53232. What is a(4)?
72
Let a(m) = -63*m**2 - 1290*m + 6439. What is a(5)?
-1586
Let x(n) = 32*n**2 + 408*n + 49. Determine x(-12).
-239
Let y(s) = 2*s**3 + 653*s**2 + 11395*s - 315. What is y(-308)?
-7
Let m(s) = 60*s + 33248. What is m(-554)?
8
Let n(m) = 17*m**2 - 612*m + 34. Calculate n(36).
34
Let u(y) = 15248*y + 198622. Calculate u(-13).
398
Let i(s) = -26251*s + 971294. Give i(37).
7
Let j(h) = 3*h**2 - 41*h + 146. Give j(11).
58
Let s(d) = -d**2 - 60060*d - 360352. Determine s(-6).
-28
Let f(b) = 4*b**2 + 2534*b + 631. Calculate f(0).
631
Let z(v) = 27*v**2 + 172*v - 362. Give z(-12).
1462
Let x(z) = -z**3 + 41*z**2 - 241*z - 204. Calculate x(34).
-306
Let f(g) = -g**3 + 428*g**2 - 2574*g - 4. Give f(6).
-256
Let y(z) = 421*z + 19474. Determine y(-47).
-313
Let y(t) = -21*t - 623. What is y(-27)?
-56
Let f(u) = -284328*u + 10235791. Determine f(36).
-17
Let h(d) = -77*d**3 + 536*d**2 - 9*d + 224. Determine h(7).
14
Let j(u) = 10142*u + 10730226. Determine j(-1058).
-10
Let l(u) = -u**2 - 181*u + 2122. What is l(12)?
-194
Let t(v) = -v**3 + 276*v**2 + 25056*v - 13. Calculate t(348).
-13
Let f(l) = -14482*l**2 + 159303*l - 13. Give f(11).
-2
Let y(u) = -5621*u + 106800. Give y(19).
1
Let m(z) = 20*z**2 - 3342*z + 276. Determine m(167).
-58
Let r(w) = -3668*w**2 - 3549*w + 3548. Calculate r(1).
-3669
Let k(x) = -19*x**2 + 72*x + 18279. Calculate k(33).
-36
Let m(b) = 5*b**2 - 283*b + 3029. Give m(14).
47
Let b(q) = 277*q - 4301. Give b(16).
131
Let q(w) = w**3 - 45*w**2 + 148*w - 507. Give q(42).
417
Let v(x) = -505*x + 47173. Give v(92).
713
Let r(d) = -23888*d - 859912. Give r(-36).
56
Let k(s) = 14*s**2 + 328*s + 235. Determine k(-24).
427
Let s(k) = 3013*k + 78305. Calculate s(-26).
-33
Let p(w) = -2977*w + 59507. What is p(20)?
-33
Let j(b) = 33*b**2 + 13198*b - 4. Give j(0).
-4
Let b(k) = k**3 - 274*k**2 - 111*k - 45121. What is b(275)?
-21
Let p(c) = -59*c - 6718. Calculate p(-114).
8
Let s(a) = 54*a**2 - 912*a + 113. What is s(17)?
215
Let g(l) = 160*l - 15977. Determine g(98).
-297
Let m(y) = 52*y**3 - 2*y**2 - 260*y + 771. What is m(3)?
1377
Let j(n) = 4*n**2 + 520*n + 21443. Determine j(-53).
5119
Let z(r) = r**2 + 70*r - 41655. Calculate z(172).
-31
Let h(u) = 182535*u + 1825378. What is h(-10)?
28
Let l(x) = -2*x**3 - 372*x**2 + 308*x - 11209. Calculate l(-187).
1133
Let o(n) = -2*n**2 - 355*n - 12260. Determine o(-47).
7
Let g(z) = 427*z + 3270. Calculate g(-8).
-146
Let p(t) = -2524*t + 181731. Calculate p(72).
3
Let p(z) = -786*z - 121807. Give p(-154).
-763
Let j(b) = b**2 + 17679*b + 406121. What is j(-23)?
33
Let m(q) = 392*q + 7676. What is m(-19)?
228
Let r(z) = 3*z**2 - 1249*z + 6208. What is r(5)?
38
Let g(j) = 2*j**2 - 174*j - 5148. Determine g(-23).
-88
Let p(f) = 2*f**3 - 3*f**2 - 23*f + 8. Determine p(4).
-4
Let x(f) = 82876*f - 248629. Determine x(3).
-1
Let h(n) = 448*n + 13981. What is h(-37)?
-2595
Let l(o) = 9*o**3 + 9*o**2 + 11*o + 85. Determine l(-7).
-2638
Let q(j) = 11966*j - 3986. Calculate q(0).
-3986
Let r(j) = -j**3 + 16*j**2 - 119*j + 1766. What is r(17)?
-546
Let o(n) = -n**2 - 29*n + 10729. What is o(-119)?
19
Let v(s) = -253*s**2 - 898*s - 204. Determine v(-7).
-6315
Let c(r) = -89*r**2 - 119*r + 988. What is c(7)?
-4206
Let a(y) = y**3 + 15*y**2 - 1638*y - 32924. What is a(-21)?
-1172
Let n(u) = -3031*u - 1888316. What is n(-623)?
-3
Let w(t) = 485*